36 and 12?
4
What is the greatest common factor of 1154742 and 102?
102
What is the highest common factor of 134 and 54494?
2
What is the greatest common factor of 704 and 1118084?
44
What is the highest common divisor of 8832343 and 727299?
2993
What is the highest common divisor of 420 and 3196690?
70
What is the highest common factor of 78 and 40224708?
6
What is the greatest common divisor of 15400 and 749650?
550
What is the greatest common divisor of 3315 and 1192380?
255
What is the highest common factor of 10577 and 2730?
7
Calculate the greatest common divisor of 69132635 and 11.
11
Calculate the highest common divisor of 44969 and 1135033.
193
What is the greatest common factor of 3284687 and 182?
7
Calculate the greatest common factor of 237831237 and 2709.
2709
Calculate the greatest common factor of 36 and 863600928.
12
What is the greatest common divisor of 3535 and 92779105?
505
What is the greatest common factor of 7057987 and 8857?
521
What is the highest common factor of 218 and 15386113?
109
Calculate the highest common divisor of 312212 and 103486.
1754
Calculate the highest common divisor of 1424 and 20238244.
356
What is the greatest common factor of 343 and 6338591?
49
Calculate the highest common factor of 94006487 and 674.
337
What is the highest common factor of 338440224 and 192?
96
What is the highest common divisor of 411024 and 1074?
6
What is the greatest common divisor of 16158809 and 1205?
241
What is the highest common divisor of 10001817 and 126?
63
Calculate the greatest common factor of 939 and 505495.
313
Calculate the highest common divisor of 365935 and 773435.
815
Calculate the greatest common divisor of 164 and 229103572.
164
What is the highest common factor of 15 and 4315934250?
15
Calculate the greatest common divisor of 2098071 and 70173.
1017
What is the greatest common divisor of 245673951 and 8422?
4211
Calculate the highest common divisor of 441890529 and 1185.
237
Calculate the highest common divisor of 1 and 796541.
1
What is the highest common factor of 1032 and 23479376?
344
Calculate the highest common divisor of 7776 and 138029832.
1944
Calculate the highest common factor of 40 and 38300328.
8
Calculate the greatest common divisor of 21583749 and 594.
33
What is the highest common factor of 267606 and 126?
18
What is the greatest common divisor of 13647 and 32020411?
4549
Calculate the highest common divisor of 56564 and 12252.
4
Calculate the greatest common divisor of 13431 and 8294253.
1221
What is the highest common factor of 2873 and 1897285?
221
Calculate the highest common factor of 10560463 and 895.
179
Calculate the highest common divisor of 293081750 and 2015.
2015
What is the greatest common divisor of 457216 and 98192?
304
Calculate the greatest common divisor of 72564019 and 77.
11
What is the greatest common divisor of 625 and 30423125?
625
Calculate the highest common divisor of 182364408 and 72.
72
Calculate the highest common factor of 719808138 and 2898.
2898
What is the greatest common divisor of 37557 and 252207?
27
What is the highest common factor of 12088 and 18?
2
Calculate the greatest common factor of 270231 and 604299.
123
What is the highest common divisor of 99601268 and 76?
76
What is the greatest common divisor of 33394735 and 3685?
55
What is the greatest common divisor of 13753288 and 2189?
199
What is the highest common divisor of 83008736 and 64?
32
What is the greatest common factor of 6936783 and 105?
21
What is the greatest common factor of 32 and 16208560?
16
Calculate the highest common factor of 9403747 and 1808.
113
What is the greatest common divisor of 8114813 and 7?
7
Calculate the greatest common factor of 21632520 and 4680.
1560
Calculate the highest common factor of 44095627 and 3.
1
What is the greatest common divisor of 247866 and 438882?
2274
What is the greatest common divisor of 7612 and 4210143916?
7612
What is the greatest common divisor of 89126703 and 27?
27
What is the highest common factor of 4369 and 292553?
17
Calculate the greatest common divisor of 67864 and 274652.
68
Calculate the highest common divisor of 83603 and 277654.
767
What is the greatest common divisor of 51 and 43112?
17
What is the highest common divisor of 99769 and 841871?
1121
Calculate the greatest common factor of 3088 and 3116352.
16
What is the greatest common divisor of 777 and 509913502?
259
What is the highest common factor of 1804 and 85492?
44
Calculate the highest common factor of 48 and 19831638.
6
What is the greatest common divisor of 369083119 and 1009?
1009
Calculate the highest common divisor of 1776 and 5707509.
111
What is the greatest common factor of 359 and 3592751735?
359
What is the highest common divisor of 184150092 and 24?
12
What is the highest common divisor of 316129 and 203?
29
What is the greatest common divisor of 26940775 and 50?
25
Calculate the greatest common factor of 29225053 and 572.
143
What is the greatest common divisor of 133 and 2644363?
19
What is the greatest common divisor of 5621 and 1033571?
77
What is the greatest common divisor of 110271514 and 145?
29
Calculate the highest common divisor of 208394 and 32654.
58
Calculate the greatest common factor of 568848 and 714.
42
Calculate the highest common factor of 116752675 and 48220.
12055
Calculate the greatest common divisor of 302684 and 31501105.
2441
What is the highest common divisor of 380 and 164808850?
190
What is the highest common divisor of 598 and 174835466?
598
What is the greatest common factor of 8927 and 22802639?
79
Calculate the highest common factor of 10 and 1205135.
5
What is the greatest common factor of 88 and 34696156?
44
Calculate the greatest common divisor of 812544 and 24064.
512
What is the highest common divisor of 1235282 and 26122?
74
Calculate the greatest common divisor of 9 and 2170761.
3
What is the greatest common divisor of 218 and 22587634?
218
What is the highest common factor of 594 and 6653718?
54
What is the highest common factor of 1746451 and 60725?
2429
Calculate the greatest common factor of 91702 and 1548353.
3527
Calculate the greatest common factor of 32 and 12098312.
8
Calculate the greatest common factor of 888589 and 4901.
377
What is the highest common divisor of 7 and 342035407?
7
Calculate the greatest common factor of 46 and 8794802.
2
Calculate the highest common divisor of 183749 and 27835.
19
What is the greatest common factor of 5512880 and 231530?
1370
Calculate the greatest common factor of 2784 and 3359766.
174
Calculate the greatest common divisor of 3073863 and 429.
39
Calculate the greatest common divisor of 12151291 and 23.
23
What is the highest common divisor of 1607565 and 125?
5
Calculate the highest common divisor of 63 and 25829601.
21
Calculate the highest common divisor of 8236 and 59492746.
4118
What is the greatest common factor of 835640414 and 98?
98
Calculate the greatest common factor of 2009 and 263042388.
2009
Calculate the highest common factor of 9382675 and 475.
475
What is the greatest common factor of 246051 and 172773367?
9113
Calculate the highest common divisor of 4927162 and 9562.
1366
Calculate the highest common factor of 6483 and 400068091.
2161
What is the highest common factor of 14220138 and 6?
6
What is the highest common divisor of 1111807983 and 5499?
1833
Calculate the greatest common factor of 12493641 and 642.
321
Calculate the greatest common factor of 17939596 and 4.
4
What is the highest common divisor of 416688151 and 26422?
13211
Calculate the greatest common factor of 15012 and 112367322.
2502
What is the greatest common factor of 28138 and 1960707?
1279
What is the greatest common divisor of 10430745 and 12565?
1795
Calculate the greatest common factor of 64 and 667328.
64
Calculate the greatest common factor of 630363 and 4617.
57
Calculate the highest common factor of 1564 and 18658980.
92
Calculate the greatest common divisor of 8463 and 426777.
1209
Calculate the highest common factor of 60630 and 766496586.
12126
What is the greatest common factor of 18420 and 9930?
30
Calculate the greatest common factor of 34605060 and 420.
420
Calculate the highest common factor of 1661 and 3953807.
11
Calculate the greatest common divisor of 648 and 342312